the tens digit of 205121382?
8
What is the millions digit of 31140077?
1
What is the ten millions digit of 2943965065?
4
What is the tens digit of 42183797?
9
What is the units digit of 26463477?
7
What is the billions digit of 4729144816?
4
What is the ten thousands digit of 6962731?
6
What is the hundred millions digit of 1811047433?
8
What is the hundreds digit of 2372625?
6
What is the ten thousands digit of 788271094?
7
What is the hundred thousands digit of 520194138?
1
What is the ten millions digit of 118760393?
1
What is the ten thousands digit of 3953414401?
1
What is the thousands digit of 1051485711?
5
What is the hundred thousands digit of 7407767?
4
What is the tens digit of 72412699?
9
What is the thousands digit of 250368049?
8
What is the hundreds digit of 14632487?
4
What is the hundreds digit of 2396521277?
2
What is the tens digit of 3039953774?
7
What is the units digit of 113058973?
3
What is the units digit of 432561300?
0
What is the units digit of 5005120765?
5
What is the millions digit of 47235796?
7
What is the ten millions digit of 393279124?
9
What is the units digit of 551598090?
0
What is the hundred millions digit of 364328218?
3
What is the hundred millions digit of 1381049162?
3
What is the ten millions digit of 19761181?
1
What is the millions digit of 125980773?
5
What is the ten millions digit of 48317846?
4
What is the ten thousands digit of 6323805281?
0
What is the thousands digit of 21034712?
4
What is the ten millions digit of 1783251239?
8
What is the hundred thousands digit of 101021617?
0
What is the hundred thousands digit of 163816809?
8
What is the hundreds digit of 1079685228?
2
What is the hundred thousands digit of 6912799?
9
What is the ten millions digit of 23832037?
2
What is the ten millions digit of 512535956?
1
What is the tens digit of 83351006?
0
What is the ten millions digit of 5118562467?
1
What is the ten millions digit of 21756121?
2
What is the millions digit of 50029012?
0
What is the hundred thousands digit of 28287906?
2
What is the ten millions digit of 399464037?
9
What is the hundred millions digit of 1113900341?
1
What is the thousands digit of 160308803?
8
What is the hundred thousands digit of 188995609?
9
What is the units digit of 5827908898?
8
What is the tens digit of 86003535?
3
What is the tens digit of 163344901?
0
What is the hundred thousands digit of 593678357?
6
What is the millions digit of 47786809?
7
What is the tens digit of 23716588?
8
What is the ten millions digit of 244442579?
4
What is the tens digit of 3292843714?
1
What is the hundreds digit of 64427227?
2
What is the units digit of 594350051?
1
What is the thousands digit of 98822888?
2
What is the hundreds digit of 90484590?
5
What is the ten thousands digit of 437470202?
7
What is the units digit of 380955901?
1
What is the hundred millions digit of 330353128?
3
What is the tens digit of 4840835637?
3
What is the ten thousands digit of 30350118?
5
What is the ten thousands digit of 43118289?
1
What is the tens digit of 481166995?
9
What is the hundred millions digit of 802124342?
8
What is the units digit of 39384452?
2
What is the hundred millions digit of 137683825?
1
What is the units digit of 1510999185?
5
What is the hundred thousands digit of 108242426?
2
What is the units digit of 33924090?
0
What is the thousands digit of 1572554205?
4
What is the hundred thousands digit of 3028426943?
4
What is the hundred thousands digit of 5199895777?
8
What is the hundred millions digit of 1157539520?
1
What is the ten millions digit of 419737694?
1
What is the ten thousands digit of 1312278722?
7
What is the ten millions digit of 39764902?
3
What is the hundreds digit of 1449312177?
1
What is the ten thousands digit of 1061182706?
8
What is the units digit of 2444057572?
2
What is the hundred millions digit of 756251135?
7
What is the units digit of 6369549985?
5
What is the hundreds digit of 425751536?
5
What is the ten millions digit of 115166179?
1
What is the hundred thousands digit of 3521679376?
6
What is the ten thousands digit of 67854237?
5
What is the ten thousands digit of 161375110?
7
What is the hundreds digit of 39178386?
3
What is the millions digit of 111178231?
1
What is the hundreds digit of 389240935?
9
What is the thousands digit of 2476268574?
8
What is the ten thousands digit of 149595144?
9
What is the millions digit of 433234383?
3
What is the hundred millions digit of 170311778?
1
What is the hundreds digit of 23186492?
4
What is the ten millions digit of 22057267?
2
What is the tens digit of 1136335018?
1
What is the thousands digit of 149255?
9
What is the hundreds digit of 262313111?
1
What is the tens digit of 71082649?
4
What is the billions digit of 3622098764?
3
What is the units digit of 945372575?
5
What is the ten thousands digit of 9888045?
8
What is the tens digit of 27890282?
8
What is the ten thousands digit of 66624447?
2
What is the thousands digit of 541264307?
4
What is the hundred thousands digit of 22894354?
8
What is the thousands digit of 392293335?
3
What is the hundreds digit of 4210717770?
7
What is the billions digit of 1617207048?
1
What is the units digit of 4819425604?
4
What is the hundred millions digit of 210196425?
2
What is the hundred millions digit of 1165354724?
1
What is the ten millions digit of 54416784?
5
What is the ten thousands digit of 2058657315?
5
What is the hundred thousands digit of 1482552753?
5
What is the thousands digit of 4120876657?
6
What is the ten millions digit of 188151649?
8
What is the ten millions digit of 609842956?
0
What is the hundred thousands digit of 1810715?
8
What is the ten millions digit of 231313674?
3
What is the ten thousands digit of 1790759170?
5
What is the hundred thousands digit of 298634545?
6
What is the ten millions digit of 112121656?
1
What is the ten millions digit of 117887275?
1
What is the hundreds digit of 18483744?
7
What is the billions digit of 1557978697?
1
What is the units digit of 1072524528?
8
What is the hundreds digit of 4364797690?
6
What is the ten millions digit of 11453086?
1
What is the ten millions digit of 2131161639?
3
What is the thousands digit of 265806247?
6
What is the units digit of 279625087?
7
What is the units digit of 180306277?
7
What is the ten millions digit of 3809240511?
0
What is the thousands digit of 35372808?
2
What is the hundred thousands digit of 157399428?
3
What is the millions digit of 54572851?
4
What is the tens digit of 196858062?
6
What is the ten thousands digit of 75219447?
1
What is the millions digit of 2139550235?
9
What is the hundreds digit of 1925997749?
7
What is the hundred thousands digit of 645202868?
2
What is the thousands digit of 1683371290?
1
What is the thousands digit of 248847591?
7
What is the units digit of 548601723?
3
What is the ten millions digit of 975107183?
7
What is the ten millions digit of 39228330?
3
What is the millions digit of 2570743537?
0
What is the tens digit of 49608378?
7
What is the millions digit of 57848998?
7
What is the ten millions digit of 479901626?
7
What is the ten millions digit of 39635834?
3
What is the hundred thousands digit of 163551686?
5
What is the ten thousands digit of 517001892?
0
What is the units digit of 255358838?
8
What is the hundred thousands digit of 675801927?
8
What is the ten millions digit of 2645387748?
4
What is the hundreds digit of 1670938375?
3
What is the units digit of 434990954?
4
What is the ten thousands digit of 16663195?
6
What is the ten millions digit of 18885508?
1
What is the hundred thousands digit of 770747820?
7
What is the hundred millions digit of 441480671?
4
What is the units digit of 459135713?
3
What is the hundred thousands digit of 75322650?
3
What is the units digit of 30162665?
5
What is the tens digit of 23471659?
5
What is the hundreds digit of 112399767?
7
What is the thousands digit of 318196016?
6
What is the tens digit of 1717574995?
9
What is the millions digit of 61201107?
1
What is the hundred thousands digit of 2991354992?
3
What is the thousands digit of 58602466?
2
What is the thousands digit of 867358703?
8
What is the units digit of 152829225?
5
What is the hundreds digit of 2037776?
7
What is the hundred thousands 